digit of 15759?
1
What is the units digit of 285?
5
What is the hundreds digit of 292?
2
What is the units digit of 3898?
8
What is the thousands digit of 157485?
7
What is the thousands digit of 1197?
1
What is the tens digit of 1577?
7
What is the hundreds digit of 2737?
7
What is the hundreds digit of 223?
2
What is the thousands digit of 47739?
7
What is the units digit of 322?
2
What is the tens digit of 10330?
3
What is the hundreds digit of 1061?
0
What is the thousands digit of 43136?
3
What is the units digit of 3054?
4
What is the thousands digit of 110392?
0
What is the tens digit of 9403?
0
What is the tens digit of 691?
9
What is the ten thousands digit of 58036?
5
What is the tens digit of 2534?
3
What is the units digit of 910?
0
What is the thousands digit of 7228?
7
What is the tens digit of 25107?
0
What is the units digit of 5110?
0
What is the ten thousands digit of 12788?
1
What is the units digit of 5628?
8
What is the thousands digit of 6979?
6
What is the ten thousands digit of 47406?
4
What is the tens digit of 5761?
6
What is the units digit of 582?
2
What is the thousands digit of 4290?
4
What is the tens digit of 10518?
1
What is the tens digit of 26105?
0
What is the hundreds digit of 975?
9
What is the units digit of 1294?
4
What is the units digit of 118605?
5
What is the units digit of 8447?
7
What is the units digit of 549?
9
What is the ten thousands digit of 60883?
6
What is the units digit of 47442?
2
What is the hundreds digit of 1131?
1
What is the units digit of 2748?
8
What is the ten thousands digit of 125361?
2
What is the units digit of 3824?
4
What is the tens digit of 53425?
2
What is the thousands digit of 6911?
6
What is the tens digit of 4719?
1
What is the tens digit of 7840?
4
What is the tens digit of 11496?
9
What is the tens digit of 4200?
0
What is the ten thousands digit of 32169?
3
What is the units digit of 9062?
2
What is the hundreds digit of 1742?
7
What is the tens digit of 646?
4
What is the units digit of 2486?
6
What is the ten thousands digit of 19487?
1
What is the units digit of 48320?
0
What is the hundreds digit of 9349?
3
What is the units digit of 21108?
8
What is the hundreds digit of 590?
5
What is the tens digit of 389?
8
What is the units digit of 896?
6
What is the units digit of 2498?
8
What is the units digit of 1960?
0
What is the tens digit of 3303?
0
What is the units digit of 1239?
9
What is the tens digit of 152?
5
What is the tens digit of 6937?
3
What is the units digit of 4423?
3
What is the ten thousands digit of 104904?
0
What is the tens digit of 82207?
0
What is the thousands digit of 1519?
1
What is the hundred thousands digit of 121137?
1
What is the units digit of 965?
5
What is the thousands digit of 46928?
6
What is the tens digit of 6142?
4
What is the tens digit of 29581?
8
What is the thousands digit of 1133?
1
What is the hundreds digit of 1125?
1
What is the hundreds digit of 1270?
2
What is the units digit of 1212?
2
What is the thousands digit of 7659?
7
What is the hundreds digit of 805?
8
What is the units digit of 46194?
4
What is the hundreds digit of 154765?
7
What is the thousands digit of 18017?
8
What is the tens digit of 732?
3
What is the tens digit of 2999?
9
What is the hundreds digit of 44849?
8
What is the thousands digit of 2002?
2
What is the thousands digit of 1955?
1
What is the tens digit of 30811?
1
What is the tens digit of 4947?
4
What is the thousands digit of 10529?
0
What is the thousands digit of 4211?
4
What is the tens digit of 364?
6
What is the tens digit of 193?
9
What is the hundreds digit of 9706?
7
What is the tens digit of 634?
3
What is the hundreds digit of 6989?
9
What is the thousands digit of 65784?
5
What is the units digit of 483?
3
What is the ten thousands digit of 17044?
1
What is the hundreds digit of 8534?
5
What is the hundreds digit of 1784?
7
What is the thousands digit of 1319?
1
What is the hundreds digit of 4374?
3
What is the tens digit of 40900?
0
What is the tens digit of 15013?
1
What is the hundreds digit of 5503?
5
What is the hundreds digit of 59091?
0
What is the units digit of 18438?
8
What is the thousands digit of 4086?
4
What is the hundreds digit of 517?
5
What is the tens digit of 83?
8
What is the thousands digit of 7701?
7
What is the units digit of 2267?
7
What is the hundreds digit of 36937?
9
What is the ten thousands digit of 19454?
1
What is the hundreds digit of 570?
5
What is the hundreds digit of 1519?
5
What is the thousands digit of 2525?
2
What is the hundreds digit of 3048?
0
What is the tens digit of 5238?
3
What is the hundreds digit of 578?
5
What is the thousands digit of 170008?
0
What is the tens digit of 1471?
7
What is the thousands digit of 93376?
3
What is the tens digit of 270?
7
What is the tens digit of 2287?
8
What is the thousands digit of 14418?
4
What is the hundreds digit of 68032?
0
What is the units digit of 15476?
6
What is the tens digit of 1922?
2
What is the units digit of 2448?
8
What is the hundreds digit of 1932?
9
What is the units digit of 157344?
4
What is the hundreds digit of 15696?
6
What is the thousands digit of 23532?
3
What is the thousands digit of 1090?
1
What is the ten thousands digit of 14556?
1
What is the tens digit of 3354?
5
What is the thousands digit of 2477?
2
What is the units digit of 4791?
1
What is the units digit of 30358?
8
What is the hundreds digit of 644?
6
What is the thousands digit of 102350?
2
What is the tens digit of 659?
5
What is the tens digit of 971?
7
What is the units digit of 944?
4
What is the thousands digit of 14431?
4
What is the thousands digit of 12917?
2
What is the units digit of 15101?
1
What is the units digit of 21718?
8
What is the thousands digit of 72157?
2
What is the hundreds digit of 123480?
4
What is the hundreds digit of 1265?
2
What is the units digit of 14?
4
What is the units digit of 44?
4
What is the ten thousands digit of 127407?
2
What is the tens digit of 4262?
6
What is the tens digit of 4932?
3
What is the tens digit of 1172?
7
What is the units digit of 81327?
7
What is the hundreds digit of 6551?
5
What is the units digit of 111?
1
What is the hundreds digit of 26240?
2
What is the hundreds digit of 322?
3
What is the units digit of 1766?
6
What is the hundreds digit of 3948?
9
What is the units digit of 2044?
4
What is the tens digit of 9469?
6
What is the hundreds digit of 840?
8
What is the units digit of 976?
6
What is the units digit of 7919?
9
What is the thousands digit of 3395?
3
What is the tens digit of 2175?
7
What is the tens digit of 25447?
4
What is the hundreds digit of 141951?
9
What is the ten thousands digit of 10586?
1
What is the tens digit of 1197?
9
What is the hundreds digit of 5872?
8
What is the units digit of 694?
4
What is the tens digit of 2027?
2
What is the hundreds digit of 2223?
2
What is the thousands digit of 17056?
7
What is the ten thousands digit of 23884?
2
What is the thousands digit of 19624?
9
What is the units digit of 4526?
6
What is the units digit of 10361?
1
What is the tens digit of 13176?
7
What is the hundreds digit of 2735?
7
What is the tens digit of 14807?
0
What is the tens digit of 311?
1
What is the hundreds digit of 629?
6
What is the hundreds digit of 31156?
1
What is the units digit of 1363?
3
What is the hundreds digit of 1157?
1
What is the hundreds digit of 958?
9
What is the thousands digit of 1041?
1
What is the tens digit of 3693?
9
What is the units digit of 7051?
1
What is the tens digit of 5821?
2
What is the units digit of 82809?
9
What is the hundreds digit of 1116?
1
What is the hundred thousands digit of 161374?
1
What is the units digit of 116935?
5
What is the hundreds digit of 854?
8
What is the units digit of 2528?
8
What is the tens digit of 2759?
5
What is the thousands digit of 5512?
5
What is the thousands digit of 12734?
2
What is the units digit of 2248?
8
What is the hundreds digit of 28796?
7
What is the tens digit of 9861?
6
What is the tens digit of 2526?
2
What is the tens digit of 8575?
7
What is the hundreds digit of 39278?
2
What is the hundreds digit of 483?
4
What is the ten thousands digit of 10922?
1
What is the units digit of 5892?
2
What is the units digit of 17778?